b) - 5*n(b). What is the tens digit of q(11)?
1
Suppose -5*a = -a + 20, -40 = -f + 5*a. Let u be (f + -15)/(-2 + 0). Suppose u*o = 2*o, 3*v - 63 = -o. What is the units digit of v?
1
Let r be (-4)/16 + (-3)/((-12)/1529). Let g = r - 223. What is the hundreds digit of g?
1
Let p(z) = -z**3 + z**2 + 3. Let t(u) = -2*u + 16. Let j be t(8). Let f be p(j). What is the units digit of 21 - (-4 + f + 3)?
9
Let d(s) = s + 6. Let z = -16 - -7. Let p = z - -4. What is the units digit of d(p)?
1
Let g(q) = -164*q - 268. What is the tens digit of g(-18)?
8
Let y(s) = -9*s**2 - 8*s**3 - 16*s**3 + 2*s - 2*s**3. Let c(n) = -13*n**3 - 4*n**2 + n. Let z(h) = -9*c(h) + 4*y(h). What is the tens digit of z(1)?
1
Suppose -i = i - 130. Suppose 0 = 5*o - i + 15. What is the tens digit of o?
1
Suppose 14*r = 90042 - 34000. What is the thousands digit of r?
4
Let q = -26 - -28. Suppose -5*t + i + 86 = 0, -q*i - 80 - 7 = -5*t. What is the tens digit of t?
1
Suppose 6239 = 5*d - 2991. What is the hundreds digit of d?
8
Let h(c) = c**3 - 15*c**2 - 7*c. Let z be h(6). Let g = 568 + z. What is the units digit of g?
2
What is the hundreds digit of (110355/(-45))/(-7)*(-6)/(-2)?
0
Let u = 32 + -30. Suppose 4*f - 178 = -2*o, -4*o - 3*f + u*f + 391 = 0. What is the units digit of o?
9
Suppose -2151 - 10774 = -55*x. What is the hundreds digit of x?
2
Suppose s + 3*u = -3*s + 303, -5*u = 5*s - 385. Let w = 124 - s. Suppose -28 = -4*v + w. What is the tens digit of v?
2
Suppose -2820 = 377*i - 382*i. What is the tens digit of i?
6
Let r(h) be the first derivative of 9 - 1 - 3 - 2*h**2 + 4*h. What is the units digit of r(-5)?
4
Suppose 2*p - 9*p + 1113 = 0. What is the units digit of p?
9
Let o = -661 - -2293. What is the hundreds digit of o?
6
Let z be 3*(-1)/(-15) - 6/30. What is the tens digit of (z - (-16)/(-4)) + 126?
2
Suppose 2*r + 4*t = -6 + 2, 5*r - 16 = 3*t. Suppose 2*v - 15 = 37. Suppose -r*x + 34 = -v. What is the units digit of x?
0
Let x(h) = -3*h**2 + 7*h + 9. Let p(b) = -b**2 - 1. Let y(m) = 2*p(m) - x(m). What is the units digit of y(-4)?
3
Let t be 2/(-4) - (-3)/(-6)*-1. Let z(y) = -2*y**2 + 43. What is the tens digit of z(t)?
4
Let z = -286 - -541. What is the hundreds digit of z?
2
Let u = 1407 - -257. What is the hundreds digit of u?
6
Let n be (-3632)/(-40) + 2 + (-27)/15. Let l = -39 + n. What is the tens digit of l?
5
Let p be 156/24 + (-2)/(-4). Suppose -2*g - 210 = -p*g. What is the tens digit of g?
4
Let l(n) = n**3 - 12*n**2 + 16*n - 8. Let g be l(11). Suppose 2*x = -3*f + 20, -2*f - g + 7 = -4*x. What is the units digit of x?
0
What is the tens digit of -2*(-798)/(-28)*(-2 - -1)?
5
Let q be -2 - (-7)/(2 - 1). Suppose c - 5 = -5*a, -4*c - q*a + 35 = -6*c. Let d = -3 - c. What is the units digit of d?
7
Let q = 422 - -215. What is the units digit of q?
7
Let f be (14/8)/7 + (-22)/(-8). What is the units digit of (6/f)/((14/(-6))/(-7))?
6
Let o(x) = -x**3 - 14*x**2 - 14*x + 9. Let s be o(-13). Suppose 201 = -19*z + s*z. What is the tens digit of z?
6
Suppose -5*q - 5*g = -40, 7*g - 2*g - 35 = -4*q. Suppose 5*l - 460 = -v, l - q*l - 2*v + 374 = 0. What is the units digit of l?
1
Let d = 4 - 16. Let c = d - -12. Suppose -21 = -c*o - o. What is the tens digit of o?
2
Let c = -1 - -3. Let j be ((-172)/(-8))/(2/4). Let m = c + j. What is the units digit of m?
5
Let h(n) = n**3 + 8*n**2 - 10*n. Let z be 4/3*6/2. Suppose 3*a - 2*j = -37, -z*a + 3*j = -2*j + 61. What is the units digit of h(a)?
9
Suppose 2*d = 6, j + 11 = 3*d + 2. Suppose j = -3*u - b - 9, -4*u + 0*b - 2*b - 10 = 0. What is the units digit of (u - (-6 - -1))*13?
3
Let p = 2253 - -320. What is the hundreds digit of p?
5
Suppose -5*j - 4*m + 1053 = -112, -20 = -4*m. What is the tens digit of j?
2
What is the tens digit of (-20)/(120/378)*-7?
4
Let h be 4 - (6 - 4)/(-1 + 0). Suppose -2*p - 5*r + 23 = -3*p, 0 = -4*p + 3*r - 7. Suppose -h*z + 2*t + 159 = -z, p*t + 66 = 2*z. What is the units digit of z?
1
Let k = 178 - 25. What is the units digit of k?
3
Suppose -p - o = 2*o - 62, 4*p - 248 = o. Let q = -18 + 45. Let r = p - q. What is the units digit of r?
5
Suppose -30 = 2*r + r. What is the units digit of 2*r/(-15)*438/4?
6
Let k(t) = t**2 + 4*t - 16. Let f = -7 + 8. Let u be (-3 - -4)/(f/(-7)). What is the units digit of k(u)?
5
Suppose 0 = -14*q + 12*q. Let u(s) = -s**2 - 6*s + 2. What is the units digit of u(q)?
2
Let g(z) be the first derivative of -z**4/4 + z**2 + z + 11. What is the units digit of g(0)?
1
Let s = -78 + 54. Let p = s - -41. Suppose p = 2*y - 29. What is the units digit of y?
3
What is the tens digit of (-7)/21 - (2 - 884/6)?
4
Let x(m) = 49*m**2 - 26*m - 37. What is the units digit of x(6)?
1
Let s = 338 + 185. What is the hundreds digit of s?
5
Let p be 0 + 2*(82 + 0). Let s = -656 - -773. Let h = p - s. What is the tens digit of h?
4
Let n = -31 - -61. Let j = n - -2. Suppose -3*s - 13 - 24 = -2*i, 0 = -2*i + 2*s + j. What is the tens digit of i?
1
Let x(r) = r**3 - 23*r**2 + r - 29. Let c be x(23). What is the units digit of ((-4)/(-10))/(c/(-12300)*5)?
4
Suppose 0 = -48*n + 54*n - 18. What is the units digit of (-2)/(n/(960/(-4)))?
0
Let m = 1699 + -660. What is the units digit of m?
9
Let n be (-8)/14*(-98)/4. What is the units digit of n/(-14)*(-1 + -69)?
0
Suppose 6*p - 3 = 5*p. Suppose -p*g + 137 = 5*d + 32, 5*g = 4*d + 138. What is the tens digit of g?
3
Let u be (-146)/10 - 24/60. Let x(q) = -q**2 - 21*q + 7. Let d be x(u). Suppose 0 = -5*c + 103 + d. What is the units digit of c?
0
Let k = 148 - 104. Let n = 110 - k. What is the tens digit of n?
6
Let q(v) = 2*v**3 - 5*v**2. Suppose g - 6 = -2. Let h be q(g). Suppose -5*d + h = 2*f, 3*d + 64 = 2*f - 0*d. What is the units digit of f?
9
Suppose -2*i + 57 = -17. What is the units digit of (6 + -7)/((-1)/i)?
7
Let y(a) = -2 + 3 + 4*a**2 + 4 - a - 4. Let n(r) = -r - 7. Let l be n(-11). What is the units digit of y(l)?
1
Let m(y) = 18*y**3 + 7*y + 5. What is the units digit of m(3)?
2
Let f(n) = 24*n**2 + 32*n + 149. What is the hundreds digit of f(-15)?
0
Suppose 4*l + 31 = -49. What is the units digit of 201/5 + l/(-25)?
1
Let g(u) = -36*u - 8. Let n be g(-12). Suppose 3*o - n = -5*o. What is the units digit of o?
3
Let r = 7035 + -4460. What is the units digit of r?
5
Let m(h) = -214*h - 234. What is the units digit of m(-10)?
6
Suppose -6*i = -240 - 1338. What is the units digit of i?
3
Suppose -7*b - 4379 = -11*b + r, -3*r = -5*b + 5465. What is the tens digit of b?
9
Let f(m) = -7*m + 12. Let p(i) = 7*i - 12. Let q(h) = h**3 + 6*h**2 - h. Let o be q(-6). Let u(t) = o*p(t) + 5*f(t). What is the tens digit of u(5)?
2
Let r = -25 + 43. Suppose d = a - r, 5*a + 2*d - 97 = -0*a. What is the tens digit of a?
1
Suppose -2*z - 3*d = -168, -2*z + 108 = 4*d - 58. What is the tens digit of z?
8
Let w(s) = 5*s**2 + s + 18. Suppose g - 44 = 5*g + 3*k, 4 = -k. Let d be w(g). What is the tens digit of d/9 - 4/6?
3
Let t(l) = l + 17. Let n be (18 + -2)*(-4)/(-8). What is the units digit of t(n)?
5
Suppose -10*d + 222 = -12*d. Let w = 239 + d. What is the tens digit of w?
2
Let z(c) = 37*c**2 - 28*c - 121. What is the hundreds digit of z(-6)?
3
Suppose 3044 = 3*w + f, 2*w - 35*f = -34*f + 2031. What is the tens digit of w?
1
Suppose m + 3*m = 740. Let g(y) = -y**3 + 8*y**2 + 4. Let z be g(8). Suppose -k + m = z*k. What is the units digit of k?
7
Let j = 63 + -15. Let t(g) = -48 - g + j. What is the units digit of t(-3)?
3
Suppose -o = -6*o + 10*o. Suppose o = -4*j + 14*j - 2030. What is the units digit of j?
3
Suppose -435 - 275 = -5*t. Suppose -5*m - r = -244, -3*m + 4*r + t + 9 = 0. What is the units digit of m?
9
Let h(y) = -y**2 - 5*y + 1. Let o be h(-4). Suppose 0 = -m + 3*m + 2*a - 84, 4 = 2*a. Suppose 3*w + 5 = o*k - k, 3*k = -5*w + m. What is the units digit of k?
5
Let q = -2591 + 5789. What is the thousands digit of q?
3
Let z be 2/((-4)/(-6)) - (-6)/3. What is the tens digit of (-1)/((z - 3)/(-292))?
4
Let x be (-982)/(-5) - 32/80. Let p = 274 - x. What is the units digit of p?
8
Let m = 4948 + -1604. What is the thousands digit of m?
3
Let f(c) = -5*c**3 + 4*c**2 - 17. What is the tens digit of f(-5)?
0
Let x(a) = 172*a**2 - 2*a + 2. Let k be x(2). Let u = k - 440. What is the tens digit of u?
4
Let c(u) = -u**3 - 5